digit of 90088717?
7
What is the thousands digit of 60632805?
2
What is the hundred millions digit of 448220579?
4
What is the hundred thousands digit of 89625320?
6
What is the millions digit of 364161929?
4
What is the units digit of 349525561?
1
What is the billions digit of 2977479567?
2
What is the billions digit of 1677963562?
1
What is the hundred millions digit of 177718067?
1
What is the ten thousands digit of 3518861334?
6
What is the units digit of 730528?
8
What is the thousands digit of 3366662?
6
What is the thousands digit of 197304555?
4
What is the thousands digit of 1510760025?
0
What is the millions digit of 112560813?
2
What is the hundreds digit of 3781497960?
9
What is the ten millions digit of 1311655989?
1
What is the hundred thousands digit of 2259430543?
4
What is the hundred thousands digit of 38232733?
2
What is the millions digit of 120699419?
0
What is the thousands digit of 99173208?
3
What is the ten thousands digit of 398743072?
4
What is the hundred thousands digit of 307698851?
6
What is the hundreds digit of 53740096?
0
What is the ten millions digit of 187161205?
8
What is the ten thousands digit of 756222757?
2
What is the hundreds digit of 35979624?
6
What is the tens digit of 20543750?
5
What is the units digit of 2728355345?
5
What is the millions digit of 10462435?
0
What is the units digit of 29412730?
0
What is the millions digit of 28948853?
8
What is the millions digit of 42518596?
2
What is the millions digit of 1134484497?
4
What is the units digit of 67942675?
5
What is the billions digit of 4386354036?
4
What is the hundred millions digit of 4173163478?
1
What is the tens digit of 760286004?
0
What is the millions digit of 3242495269?
2
What is the hundred thousands digit of 4649592658?
5
What is the hundreds digit of 68880985?
9
What is the millions digit of 295338584?
5
What is the thousands digit of 496768857?
8
What is the units digit of 3021512849?
9
What is the ten thousands digit of 3725825784?
2
What is the hundred millions digit of 232472525?
2
What is the hundred millions digit of 2993177154?
9
What is the millions digit of 20473913?
0
What is the hundred millions digit of 1278203249?
2
What is the ten thousands digit of 656482100?
8
What is the millions digit of 985028604?
5
What is the hundred millions digit of 152904654?
1
What is the hundred thousands digit of 46196660?
1
What is the millions digit of 124980868?
4
What is the hundreds digit of 52471308?
3
What is the ten thousands digit of 74919085?
1
What is the millions digit of 101907388?
1
What is the tens digit of 26727624?
2
What is the units digit of 13144182?
2
What is the units digit of 97606957?
7
What is the thousands digit of 62884817?
4
What is the hundred thousands digit of 162567011?
5
What is the ten thousands digit of 15770679?
7
What is the ten millions digit of 60507596?
6
What is the tens digit of 503127756?
5
What is the thousands digit of 1504771269?
1
What is the billions digit of 1385326925?
1
What is the units digit of 399311460?
0
What is the tens digit of 2383267590?
9
What is the tens digit of 454128008?
0
What is the ten millions digit of 1269374467?
6
What is the units digit of 79431590?
0
What is the tens digit of 154116739?
3
What is the tens digit of 1638907538?
3
What is the ten millions digit of 13337701?
1
What is the hundred thousands digit of 221863963?
8
What is the ten thousands digit of 3536240895?
4
What is the ten thousands digit of 1875324?
7
What is the units digit of 45509?
9
What is the billions digit of 1065048847?
1
What is the ten thousands digit of 211571370?
7
What is the units digit of 345546988?
8
What is the hundreds digit of 66634470?
4
What is the tens digit of 5787123120?
2
What is the billions digit of 6126865170?
6
What is the tens digit of 5477745912?
1
What is the thousands digit of 3681701759?
1
What is the hundred thousands digit of 1386925267?
9
What is the hundred thousands digit of 246579320?
5
What is the hundred millions digit of 991537018?
9
What is the hundreds digit of 54325917?
9
What is the hundred millions digit of 2200709693?
2
What is the millions digit of 139101107?
9
What is the hundreds digit of 17400489?
4
What is the units digit of 45389793?
3
What is the ten thousands digit of 867402048?
0
What is the millions digit of 226350143?
6
What is the ten thousands digit of 104401950?
0
What is the units digit of 415187982?
2
What is the ten thousands digit of 5504089701?
8
What is the ten millions digit of 147391381?
4
What is the ten thousands digit of 207315553?
1
What is the tens digit of 4516170936?
3
What is the thousands digit of 970562041?
2
What is the millions digit of 227117940?
7
What is the units digit of 1311791939?
9
What is the ten thousands digit of 503838701?
3
What is the hundred thousands digit of 140708664?
7
What is the millions digit of 106198600?
6
What is the ten millions digit of 188406052?
8
What is the thousands digit of 29303477?
3
What is the units digit of 836419458?
8
What is the tens digit of 38034967?
6
What is the ten millions digit of 41135678?
4
What is the millions digit of 989767744?
9
What is the ten thousands digit of 173870933?
7
What is the units digit of 91810930?
0
What is the tens digit of 1188909764?
6
What is the hundred millions digit of 110248980?
1
What is the units digit of 270598571?
1
What is the millions digit of 126879423?
6
What is the units digit of 116028349?
9
What is the units digit of 300809577?
7
What is the millions digit of 14821336?
4
What is the ten thousands digit of 199677273?
7
What is the hundred thousands digit of 1357678610?
6
What is the hundreds digit of 43432494?
4
What is the millions digit of 2751444098?
1
What is the millions digit of 326175829?
6
What is the hundreds digit of 1516027009?
0
What is the tens digit of 115844229?
2
What is the ten millions digit of 440808282?
4
What is the units digit of 27593773?
3
What is the millions digit of 5918406?
5
What is the ten thousands digit of 35441620?
4
What is the ten millions digit of 61486459?
6
What is the ten thousands digit of 633729726?
2
What is the tens digit of 494883353?
5
What is the ten millions digit of 80912398?
8
What is the millions digit of 8636763942?
6
What is the thousands digit of 219120370?
0
What is the millions digit of 30384346?
0
What is the ten millions digit of 3018960901?
1
What is the ten millions digit of 34253945?
3
What is the ten thousands digit of 71148360?
4
What is the thousands digit of 465183698?
3
What is the tens digit of 7047256503?
0
What is the hundred thousands digit of 360575504?
5
What is the ten thousands digit of 11636063?
3
What is the ten thousands digit of 192556468?
5
What is the units digit of 498463414?
4
What is the ten thousands digit of 235599358?
9
What is the units digit of 55125989?
9
What is the ten millions digit of 120512100?
2
What is the hundreds digit of 93947338?
3
What is the tens digit of 1421733257?
5
What is the tens digit of 912693999?
9
What is the tens digit of 15713240?
4
What is the thousands digit of 91103284?
3
What is the hundreds digit of 230427160?
1
What is the hundred thousands digit of 131626802?
6
What is the ten thousands digit of 27802216?
0
What is the ten millions digit of 770240657?
7
What is the hundred millions digit of 2744644367?
7
What is the millions digit of 629191161?
9
What is the hundred thousands digit of 353272211?
2
What is the ten thousands digit of 598272605?
7
What is the hundred millions digit of 111179909?
1
What is the hundred millions digit of 251472306?
2
What is the units digit of 651978613?
3
What is the ten millions digit of 597239586?
9
What is the thousands digit of 322064771?
4
What is the units digit of 4537394251?
1
What is the ten thousands digit of 202451636?
5
What is the units digit of 6875990?
0
What is the thousands digit of 785164273?
4
What is the thousands digit of 931653406?
3
What is the hundred thousands digit of 18392230?
3
What is the ten thousands digit of 3282315075?
1
What is the ten millions digit of 3016112994?
1
What is the hundred thousands digit of 873174681?
1
What is the hundred thousands digit of 328955072?
9
What is the tens digit of 461728444?
4
What is the ten millions digit of 3295